rime factors of (5 - s)/((-1)/7).
7, 13
Suppose -2*a - 17 = -27. Suppose -685 = -a*f - 100. Let k = f - -5. List the prime factors of k.
2, 61
What are the prime factors of 13060/7 + 2 + (-46)/(-161)?
2, 467
Let z(t) = -t**3 - 8*t**2 + 22*t - 4. Let p be z(-9). Let x = 28 - p. What are the prime factors of x?
149
Let x be (-24*1)/(-3) - -2430. Suppose x - 254 = 39*t. List the prime factors of t.
2, 7
Let q(h) = -4*h + 21*h + 7644 - 7614 + 16*h. What are the prime factors of q(21)?
3, 241
Let x(h) = 3183*h**2 + 12*h + 12. What are the prime factors of x(-3)?
3, 7, 29, 47
Let l = -17533 - -17834. Let d(x) = 130*x**2 + 3*x + 3. Let q be d(-2). Let b = q - l. List the prime factors of b.
2, 3
Suppose 2*u + 0*u + 5*k - 20 = 0, 2*u + 12 = 3*k. Suppose 13*y - 9*y + 12*y = u. Suppose 2*t - 5*d - 141 = 0, y + 4 = -4*d. List the prime factors of t.
2, 17
Suppose 0 = -2*z + d + 3, 0 = 2*z + 3*z + 5*d - 15. Suppose 3*w + 3 - 26 = a, z*a - 18 = -2*w. List the prime factors of 3145/34*w/10.
2, 37
Let u(x) = -192*x. Let m(g) = -10*g + 9. Let o be m(1). Let b be u(o). Suppose -w + 13*w = b. What are the prime factors of w?
2
Let z(c) = 2770*c - 142. What are the prime factors of z(2)?
2, 2699
Suppose -12*q - 1905 = -17*q. Let j = -70 + q. What are the prime factors of j?
311
Suppose 4*k + k = -p + 56, -k + 76 = 2*p. Let x = 43 - p. Suppose -3*g + x*g + 24 = 4*b, 29 = 4*b - 3*g. What are the prime factors of b?
11
Let c(u) = 1 - 81*u + 4*u**3 - u**2 + 82*u - 3*u**3. Let k(o) = -o**3 - 10*o**2 - 8*o - 9. Let j(g) = -2*c(g) - k(g). List the prime factors of j(12).
79
Suppose 0*o = 2*o - 1572. Suppose 0 = 60*n - 59*n + 4*f + 8, 3*n = 3*f + 6. Suppose 0 = -3*u + 5*p + 786, n*p + p = 3*u - o. List the prime factors of u.
2, 131
Let i(x) = 292*x**2 - 178*x - 2171. What are the prime factors of i(-12)?
42013
Let k(c) = 22 + 6 - 3*c**2 + 2*c**2 - c. Let j(v) = 3*v**2 + 55*v - 168. Let y be j(-21). What are the prime factors of k(y)?
2, 7
Suppose -3*c + 5*a - 556 = 0, -a = -c - 114 - 76. Let n = 428 - 83. Let l = n + c. What are the prime factors of l?
2, 37
Let y(c) be the first derivative of 22*c + 19 - 13/2*c**2 - 1/3*c**3. What are the prime factors of y(-12)?
2, 17
Let a be 26/6 - 11/33. Suppose 456 = 4*o - a*j, -2*o + 5*j + 1 = -239. Suppose 0 = -15*h + 10*h + o. List the prime factors of h.
2, 11
What are the prime factors of -11 - (-2220 - -1) - -5?
2213
What are the prime factors of (-5 - 5129)*9/((-36)/28)?
2, 7, 17, 151
Let x be 4/(-22) + (-6342)/(-154). Suppose 4*d - 2*b = -7*b - x, -2*b - 2 = 0. List the prime factors of d*(-9 + -2) + 5/5.
2, 5
Let w(a) = 8*a**2 - 2*a + 5. Let z(p) = -2*p + 19. Let o be z(0). Let q = 22 - o. What are the prime factors of w(q)?
71
Let v(z) = -15*z + 22. Let g be v(3). Let b(m) = -m - 15. Let r be b(g). Suppose -4*a - 1172 = -r*a. What are the prime factors of a?
293
Let c be (408/9 + 0)*-3. Suppose -u + 6 - 2 = 0, 5*q + 59 = -4*u. Let z = q - c. What are the prime factors of z?
11
Let l = -2574 - -13344. What are the prime factors of l?
2, 3, 5, 359
Let n(z) = -100*z + 13. Suppose 27 = -2*y + 7. List the prime factors of n(y).
1013
Let n = 4470 + 2864. What are the prime factors of n?
2, 19, 193
Suppose 5*z - 4*f = 198, 3*z - 135 = -0*f - 3*f. List the prime factors of (36/z)/(3/938).
2, 67
Let j be (-2 - -20)/(2/996*12). Let g = j - 272. What are the prime factors of g?
5, 19
Let g = 19541 - -281. List the prime factors of g.
2, 11, 17, 53
Let d(q) be the second derivative of 14*q**3/3 - 23*q**2/2 - 7*q. Let w be d(4). Let v = 63 + w. List the prime factors of v.
2, 19
Let u be ((-42)/4)/(-7)*-2 + 1273. Suppose -80 = 14*k - u. What are the prime factors of k?
5, 17
Let i(a) = 11*a**2 + 4*a + 10. Let k(s) = s**3 + 22*s**2 + 16*s - 26. Let u be k(-21). Let j = u + -76. List the prime factors of i(j).
11
What are the prime factors of 21/(-2)*((-296)/42 + 8/(-28))?
7, 11
Suppose -85*v + 67*v = -58914. Suppose 2*g - 77*a = -74*a + v, 3*g = 2*a + 4922. List the prime factors of g.
2, 3, 137
Let m(o) = -o**3 + 20*o**2 + 22*o - 21. Let c be m(21). Suppose 2*p + 0*p + 3*h - 8025 = c, -5*p = 2*h - 20046. What are the prime factors of 4/10 - p/(-30)?
2, 67
Suppose -5*m = -20 - 20. Suppose m*s - 2192 = 4*s. List the prime factors of s.
2, 137
List the prime factors of 2005/401 - ((-34376 - -2) + 0).
31, 1109
Suppose -4*j = 2*w - 0*w - 192, 0 = -2*j - 5*w + 96. What are the prime factors of 10046/6 - j/(-72)?
5, 67
Let x(g) be the first derivative of g**2 + 61*g + 54. What are the prime factors of x(25)?
3, 37
Suppose -6*g + 10*g = -116. Let m be (-4 + -3)/(1/g). Let s = m - 91. List the prime factors of s.
2, 7
Suppose -467020 - 691983 = -20*k - 166963. List the prime factors of k.
2, 3, 7, 1181
Suppose 4182*i + 178204 = 4205*i. What are the prime factors of i?
2, 13, 149
Let z = 604 - 1291. Let s = z - -1305. What are the prime factors of s?
2, 3, 103
Suppose 0 = 3*k + 35 - 107. Let m(c) = 2*c**2 - 27*c - 15. List the prime factors of m(k).
3, 163
Suppose -4*q = 5*t - 6, -5*q - 2 = 3. List the prime factors of (t*-1)/((-15)/(30765/14)).
293
Let m be (-4 - -1) + (21 - 70). Let l be 2*(-15)/5*m/(-6). List the prime factors of 16 + -18 + (0 - l).
2, 5
Let l(p) be the first derivative of p**3/3 - 5*p**2/2 - 2*p - 22. Let b be l(11). List the prime factors of b/(-4)*-2*1.
2
Let f be (1/(-2))/(3/42). Let z(c) be the first derivative of -13*c**2 - 35*c + 530. List the prime factors of z(f).
3, 7
Let r(j) = -48*j - 113. Suppose 7*p = -24*p - 372. What are the prime factors of r(p)?
463
Suppose 0 = 3*w + 4*k + 153, 2*w - 3*k = w - 64. Let a be w/(-11)*(38 - 1). Suppose 90 = x - b, 0 = -2*x - 0*b + b + a. List the prime factors of x.
5, 19
Suppose 45*z - 22*z = 11960. List the prime factors of z.
2, 5, 13
Suppose -4*x - t + 144 = 3*t, 2*x - 3*t - 62 = 0. Suppose -12*o = -10*o - x. Suppose -o*s + 21*s = 372. What are the prime factors of s?
3, 31
Let s = -42296 + 107222. List the prime factors of s.
2, 3, 3607
Let z = -161 + 154. Let q(u) = -u**3 + 4*u**2 - 3*u + 8. List the prime factors of q(z).
2, 71
Let h = -771 + 747. Let j(i) = -2*i + 408. What are the prime factors of j(h)?
2, 3, 19
Let k(d) = d - 1. Let x(y) = -4*y + 12. Let q(f) = -3*k(f) - x(f). Let g be q(-7). Let h = g - -88. List the prime factors of h.
2, 3
Let i(v) = -288*v + 21. Let a be (19 + -19)/(3*-1) - 2. What are the prime factors of i(a)?
3, 199
Let q be 2/3 + -331*20/30. Let c = q - -821. List the prime factors of c.
601
Let a(r) = 8*r**2 - r**3 - r**2 + 16*r**2 - 23*r + 46. Let v be a(22). List the prime factors of (v/(-28))/(2/308*-2).
2, 3, 11
Let g(w) = -14*w + 220. Let o be 163/(-4) - (-6)/(-24). What are the prime factors of g(o)?
2, 397
Let i = -13618 - -15412. What are the prime factors of i?
2, 3, 13, 23
Suppose 37 - 53 = 4*b. What are the prime factors of b/(-12) + (5106/(-9))/(-2)?
2, 71
Suppose 0 = -16*m + 34*m - 136620. List the prime factors of m.
2, 3, 5, 11, 23
List the prime factors of (-6)/777*-7 - (-41728598)/1406.
3, 13, 761
Let x(z) = -89*z - 2. Let n be x(2). Let y = 209 - n. What are the prime factors of y?
389
Let n = -15 - -20. Suppose y + 3*t = 245, -n*t - 237 = -5*y + 4*y. What are the prime factors of y?
2, 11
Suppose 0*c - 3*c + 74 = -2*q, -5*q = 5*c - 90. Let m(s) = c*s + 13 - 3*s + 4*s. What are the prime factors of m(4)?
3, 5, 7
Let p(f) = -255*f + 75. Let c be p(2). Let v = 329 - c. List the prime factors of v.
2, 191
Let a = 65 - 67. What are the prime factors of (-258)/a*(-11)/((-165)/10)?
2, 43
Suppose 0 = -20*h + 6*h - 10514. Let c = 2538 + h. List the prime factors of c.
1787
Let h(z) = 4*z**2 - 6*z - 59. Let i = -209 + 219. List the prime factors of h(i).
281
Let l = -42 - -44. Suppose -3*x = l - 20. What are the prime factors of 4/6 + 134/x?
23
Let k(l) = 2*l - 6. Let x be k(4). Suppose -3*v + v = -x. List the prime factors of (-494)/(-156) + v/(-6).
3
Let f = 22 - -25. Suppose f*m - 26*m = 16485. List the prime factors of m.
5, 157
Suppose -z + 20195 = 3*u, z - 19 = -20. List the prime factors of u.
2, 3, 11, 17
Suppose 11*g - 47 - 19 = 0. Suppose 1975 + 1679 = g*u. What are the prime factors of u?
3, 7, 29
List the prime factors of 2/(-6 - -14) + -1 + (-260841)/(-12).
2, 11, 13, 19
Let b = -7 - -25. Let t be b/9 - (-2 - -1).